 7. Determine z(r).
2
Let n(j) = 3*j**3 - j**2 + 2*j - 1. Let p = 84 + -76. Let f be ((-42)/p)/(236/(-32) - -7). Suppose 0 = -f*h + 3 + 11. Calculate n(h).
3
Let s(h) = h**3 + 8*h**2 + 6*h - 9. Let b be (3/(-6) + 4 + -1)*4. Let p be 2/3*((-5535)/b)/(-9). Let q = p - 48. Give s(q).
-2
Suppose 88 + 68 = 31*w - 30. Let b(u) = -u**3 + 5*u**2 + 9*u - 6. What is b(w)?
12
Let b = 975 + -1228. Let l be (-60)/(-33) + (-46)/b. Let w(k) be the second derivative of -5*k**3/6 + 3*k**2/2 + k. What is w(l)?
-7
Let c(m) = 2*m + 17. Let h = -8832 - -8832. Give c(h).
17
Let l(r) = -2*r**3 + 10*r**2 + 7*r - 25. Let z(a) = -a**3 + 6*a**2 + 3*a - 14. Let m(q) = 4*l(q) - 7*z(q). Calculate m(2).
-4
Let n be ((-6)/(-4))/((-6)/(-196)). Let o = 49 - n. Let m be (o - (-2)/(-1))/(-9 - -7). Let w(x) = -6*x. Determine w(m).
-6
Let s(u) = 9*u - 48 - 5*u + 5*u - u - 7*u. Determine s(46).
-2
Suppose -n + 3*i = -2*i - 12, 4*n - 3*i - 31 = 0. Let p(j) = j**2 - j - 14. Let o be p(n). Let y be 8/(-2)*(-7)/o. Let r(q) = -10*q**2 - 1. What is r(y)?
-11
Let q(c) = -4*c**2 + 66*c - 26. Let k be q(16). Let a(o) = o**2 - 3*o - 12. What is a(k)?
6
Suppose o + 2*d = -2, 2*o - 4*o + 3*d = -24. Let j(k) = 20*k**2 + 2*k + 6. Let i(c) = -7*c**2 - c - 2. Let g(w) = -17*i(w) - 6*j(w). Determine g(o).
-8
Let x be (-15*(-18)/60 - (-16)/(-4))*12. Let f(q) = q**2 - 4*q - 21. Calculate f(x).
-9
Let w(k) be the third derivative of 2*k**2 + 1/24*k**4 + 4*k**3 + 105 + 0*k. What is w(-13)?
11
Let y(x) = 2*x - 2. Suppose -i = 5*j - 42, -3*i = 2*j + 2*i - 3. Let s(v) = -v**3 + 10*v**2 - 6*v - 21. Let o be s(j). Calculate y(o).
10
Suppose 3*d - 12 + 3 = 0. Let l(s) = -d - 53*s + 104*s - 54*s. What is l(1)?
-6
Let c(k) = -17*k + 4 - 15*k - 1 - 19*k + 11*k. What is c(1)?
-37
Let r(k) be the first derivative of 25*k - 171 + 3/2*k**2. Give r(-9).
-2
Let n(t) = 2*t**2 + 2*t - 67. Let h = -288 + 282. Let m be n(h). Let u(d) = -d**2 - 7*d - 8. Determine u(m).
-8
Let g(r) = -2*r**3 - 37*r**2 + 18*r - 10. Let d be g(-19). Let z(m) = 10*m - 10 + 24 + d*m**2 - 10*m**2. Give z(12).
-10
Let u(b) = 3*b**3 + 65*b**2 - 28*b - 112. Let r be u(-22). Let d(m) = -m**3 + 20*m**2 + 2*m - 41. Calculate d(r).
-1
Suppose 0 = u + u - 12. Let c(k) be the first derivative of 10 + k**2 - 6*k + 2 + 53. Give c(u).
6
Let m(n) be the second derivative of n**3/6 - 50*n**2 + 3*n - 167. Give m(0).
-100
Let c(o) = 2*o**2 - 2*o + 2. Let s(k) be the first derivative of -k**3 - 85*k**2/2 - 24*k + 115. Let x be s(-28). Give c(x).
26
Let w(m) = 1 + 2*m + 4 - 3*m. Let f(c) = c**2 - 68*c + 438. Let h be f(7). What is w(h)?
-6
Let p(o) = 2*o + 5. Let t be p(-1). Let h(f) = 5*f**2 - 10*f**2 + 8940 + 7*f**2 - 2*f - 8937. Calculate h(t).
15
Let c(n) = -41*n**3 - n**2 - 2*n - 2. Let p = -5226 + 5225. Give c(p).
40
Suppose 5*q + 3*o + 35 = 0, 13 = 4*o + 33. Suppose 0 = 9*m - m - 16. Let w(y) = -4 + 8*y**3 - 27*y**2 + 2*y - 7*y**3 + 31*y**m. Calculate w(q).
-12
Suppose c + 4 = -3. Let u(k) = 2*k**3 - 8*k**2 + 2*k + 17. Let w(m) = -7*m**3 + 24*m**2 - 9*m - 54. Let r(a) = 10*u(a) + 3*w(a). What is r(c)?
8
Let l(g) be the second derivative of g**5/10 + g**4/4 - 2*g**3/3 - g**2/2 - 96*g - 2. Let o = -28 - -25. What is l(o)?
-16
Let k(r) = -3*r**3 - 6*r**2 + 5*r + 12. Let l(v) be the first derivative of -v**4/4 - v**3/3 + v**2/2 + 2*v - 10. Let c(p) = -k(p) + 5*l(p). Determine c(3).
-47
Let l(o) be the third derivative of -o**4/12 - 5*o**3/3 + 4*o**2 + 2*o + 323. Let w be (2/(-4))/((-3)/(-48)). What is l(w)?
6
Let w(g) = 5*g - g - 15497*g**2 + g**3 + 15492*g**2. What is w(3)?
-6
Let u(w) be the second derivative of 3/4*w**4 - 4/3*w**3 + 1/2*w**2 + 19*w - 1/20*w**5 + 0. Determine u(8).
1
Let f(u) = 8*u - 35. Let x(z) = -4*z**2 - 18*z + 584. Let b be x(10). What is f(b)?
-3
Let x(y) = -47*y + 159. Let v be x(3). Let u(s) = s**2 - v - 684*s + 332*s + 341*s. Calculate u(13).
8
Let a = -1597 - -1591. Let i(h) = 8*h**3 + 5*h**2 - 6*h + 14. Let w(o) = 7*o**3 + 5*o**2 - 6*o + 13. Let k(f) = 6*i(f) - 7*w(f). Give k(a).
-7
Let p(s) = 66 - 55 + 4*s - 80 + 2*s. Determine p(11).
-3
Let c(b) be the second derivative of 0*b**2 + 3*b - 2/5*b**5 - 1/6*b**3 - 1/12*b**4 + 0. Let s = 796 - 797. Give c(s).
8
Let b(g) = 2*g - 48. Suppose -294 - 1017 = -69*i. Give b(i).
-10
Let i(f) = f - 7. Let t(p) = -45*p + 290. Let y(c) = 40*i(c) + t(c). Calculate y(12).
-50
Let m(y) = -y - 2. Let q be m(-3). Let c(r) = -7*r**2 + 41*r. Let s(d) = 18*d**2 - 81*d - 2. Let a(u) = 2*c(u) + s(u). What is a(q)?
3
Let r(x) be the second derivative of -x**4/12 - x**3/6 + 5*x**2/2 + 4*x. Suppose 25 = 9*w - 20. Suppose 3*b = 3*n - 6, -4*b + 4 = -w*b + 2*n. Calculate r(b).
5
Let i(q) = q**2 + 8*q + 10. Let b(u) = -2*u**2 - u - 2. Let n(j) = -75*j + 155. Let w(y) = b(y) + n(y). Let o be w(-40). What is i(o)?
3
Suppose 74*c - 192 = -12*c - 10*c. Let t(p) be the second derivative of -24*p + 1/6*p**3 + 0 - 11/2*p**c. Determine t(5).
-6
Suppose -41*f = 23*f + 20 + 108. Let n(c) = 6*c**2 + 2*c + 10. What is n(f)?
30
Let y(s) = -31*s + 1741. Let p be y(56). Let x(h) = -2 - 4*h**2 + 7*h**2 + 8*h - h**3 - 1. Give x(p).
-13
Let s(n) = -n**2 + 3*n + 5. Suppose 59 = 10*a - 21. Suppose -2 = -2*m + p + 6, -a = -4*p. Determine s(m).
-5
Let a(f) be the second derivative of -85*f - 1/20*f**5 + 2*f**2 + 11/6*f**3 - 7/12*f**4 + 0. Give a(-8).
-20
Let m(c) = -2*c + 11. Let d = 234 + -233. Let x(i) = -i**3 + 2*i**2 + 3*i - 4. Let a be x(d). Determine m(a).
11
Let h(f) = -3 + 8*f + 14*f - 2 - 11*f - 3*f**2. Let m(x) = -x**2 + x - 1. Let j(u) = h(u) - 4*m(u). Suppose 0 = -2*q - 0*q - 10. Determine j(q).
-11
Let a(u) = -27*u + 1294. Let g = 11771 + -11723. Give a(g).
-2
Let g(z) be the first derivative of z**3/3 + 4*z**2 - 3*z + 2140. Give g(-11).
30
Let m(q) = q**3 + 2*q**2 - 4*q + 3. Let j be (-5)/((-55)/(-77)) + 3. What is m(j)?
-13
Let d(u) = 59*u**2 + 102*u - 78. Let y(l) = 8*l**2 + 14*l - 11. Let n(w) = -2*d(w) + 15*y(w). Calculate n(-7).
47
Suppose 0 = -2364*z + 2372*z - 32. Let b(d) be the second derivative of -2/3*d**3 + 0 + 5/2*d**2 - 1/12*d**z - 5*d. Give b(-4).
5
Let r(m) be the third derivative of -7*m**4/24 - 8*m**3/3 - 58*m**2 + 20. Determine r(-1).
-9
Let w(p) = 2*p**2 - 1. Let q be w(-1). Let y(d) = -d**2 + 6*d + 2. Let z(l) = -3*l**2 + 12*l + 3. Let g(a) = 2*y(a) - z(a). What is g(q)?
2
Suppose 5*t = 9*t - 24. Suppose 2*c = r + 2*r + 59, -5*r - 19 = -c. Let f(w) = 3 - 15*w + c*w - 16*w. Determine f(t).
21
Suppose -4*w = -b + 3, 3*w = b + 1 - 5. Let f(j) = 7*j - 4. Let r(z) = -16*z + 9. Let y(v) = b*f(v) + 3*r(v). What is y(-12)?
-13
Suppose -j = x - 42, -4*j + 166 = -5*x + 8*x. Suppose 3*l + j = -7*l. Let m(o) = 4*o - 7*o - 4*o - 6. Determine m(l).
22
Let u(g) = g**3 + 12*g**2 + 16*g + 180. Let q be u(-12). Let d(v) = -11*v - v**2 - 2*v - 17 + 0*v. Determine d(q).
-5
Suppose 0 = -2*c - 3 - 11. Let r(a) = a**3 + 4*a**2 + 4*a - 6. Let p(t) = -2*t**3 - 7*t**2 - 8*t + 12. Let s(v) = c*r(v) - 3*p(v). What is s(-6)?
-6
Let b(g) = -g**2 - g - 1. Let a(u) = 2*u + 26. Let l be a(-13). Let o(p) = 70 + 5*p - 65 - 2*p - 2*p**2 + l*p. Let s(x) = -4*b(x) - o(x). Give s(1).
6
Let d(s) be the third derivative of s**8/10080 - s**7/1260 - s**6/720 - 28*s**5/15 - 2*s**2 + 43*s. Let g(x) be the third derivative of d(x). Give g(5).
29
Suppose -2*q + 157 = 3*b, 94 = 2*b + 4*q - 0*q. Suppose 5*n = 5*p - 116 + 36, -4*p + b = -n. Let j(c) = 2*c - 22. Give j(p).
4
Let u(f) be the second derivative of 0 - f**2 + 1/3*f**3 - 20*f. Give u(-3).
-8
Let g be ((-7)/49 - 96/14)*1. Let r(n) = 1. Let z(u) = -u**2 - 6*u + 1. Let y(l) = -4*r(l) + z(l). Calculate y(g).
-10
Let i(u) = -u**3 - 13*u**2 + 18*u - 173. Let p be i(-15). Let x(r) = -2*r**2 + 10*r + 22. What is x(p)?
-6
Let a(j) = -j + 7*j - 3*j + 2 - j**2. Let n(x) = 886*x + 1778. Let s be n(-2). Calculate a(s).
-16
Let w(u) be the second derivative of -u**4/3 + u**3/2 - u**2 + 2*u - 284. What is w(1)?
-3
Let t(v) = 1 + 5*v**2 - 10*v**2 + 3 - v**3 - v. Let g(l) = -280*l + 556. Let n be g(2). What is t(n)?
-8
Let f(d) be the first derivative of d**3/3 + 2*d**2 - 13*d + 22. Let m be f(2). Let s(q) = 5*q**2 + 1. Determine s(m).
6
Let u(a) = -a**3 - 10*a**2 - 18*a - 6. Suppose 14*h - 386 + 512 = 0. Determine u(h).
75
Let r(x) be the third derivative of 0*x + 1/6*x**3 + 10 + 1/60*x**5 + 1/4*x